{"id":359,"date":"2021-05-20T21:14:41","date_gmt":"2021-05-21T00:14:41","guid":{"rendered":"https:\/\/www.suportservrh.com.br\/?page_id=359"},"modified":"2025-07-06T19:38:03","modified_gmt":"2025-07-06T22:38:03","slug":"quem-somos","status":"publish","type":"page","link":"https:\/\/www.suportservrh.com.br\/?page_id=359","title":{"rendered":"Quem Somos"},"content":{"rendered":"\t\t<div data-elementor-type=\"wp-page\" data-elementor-id=\"359\" class=\"elementor elementor-359\">\n\t\t\t\t\t\t\t\t\t<section class=\"elementor-section elementor-top-section elementor-element elementor-element-1a51643f elementor-section-stretched elementor-section-height-min-height elementor-section-boxed elementor-section-height-default elementor-section-items-middle\" data-id=\"1a51643f\" data-element_type=\"section\" data-settings=\"{&quot;stretch_section&quot;:&quot;section-stretched&quot;,&quot;background_background&quot;:&quot;classic&quot;,&quot;shape_divider_top&quot;:&quot;arrow&quot;}\">\n\t\t\t\t\t\t\t<div class=\"elementor-background-overlay\"><\/div>\n\t\t\t\t\t\t<div class=\"elementor-shape elementor-shape-top\" data-negative=\"false\">\n\t\t\t<svg xmlns=\"http:\/\/www.w3.org\/2000\/svg\" viewBox=\"0 0 700 10\" preserveAspectRatio=\"none\">\n\t<path class=\"elementor-shape-fill\" d=\"M350,10L340,0h20L350,10z\"\/>\n<\/svg>\t\t<\/div>\n\t\t\t\t\t<div class=\"elementor-container elementor-column-gap-default\">\n\t\t\t\t\t<div class=\"elementor-column elementor-col-100 elementor-top-column elementor-element elementor-element-1ce4be0f\" data-id=\"1ce4be0f\" data-element_type=\"column\">\n\t\t\t<div class=\"elementor-widget-wrap elementor-element-populated\">\n\t\t\t\t\t\t\t\t<div class=\"elementor-element elementor-element-5f73e8c0 elementor-widget elementor-widget-heading\" data-id=\"5f73e8c0\" data-element_type=\"widget\" data-widget_type=\"heading.default\">\n\t\t\t\t<div class=\"elementor-widget-container\">\n\t\t\t<h2 class=\"elementor-heading-title elementor-size-default\">Quem Somos\n<\/h2>\t\t<\/div>\n\t\t\t\t<\/div>\n\t\t\t\t\t<\/div>\n\t\t<\/div>\n\t\t\t\t\t\t\t<\/div>\n\t\t<\/section>\n\t\t\t\t<section class=\"elementor-section elementor-top-section elementor-element elementor-element-42cc7d0 elementor-section-boxed elementor-section-height-default elementor-section-height-default\" data-id=\"42cc7d0\" data-element_type=\"section\">\n\t\t\t\t\t\t<div class=\"elementor-container elementor-column-gap-default\">\n\t\t\t\t\t<div class=\"elementor-column elementor-col-100 elementor-top-column elementor-element elementor-element-fb10397\" data-id=\"fb10397\" data-element_type=\"column\">\n\t\t\t<div class=\"elementor-widget-wrap elementor-element-populated\">\n\t\t\t\t\t\t\t\t<div class=\"elementor-element elementor-element-946713e elementor-invisible elementor-widget elementor-widget-heading\" data-id=\"946713e\" data-element_type=\"widget\" data-settings=\"{&quot;_animation&quot;:&quot;fadeIn&quot;}\" data-widget_type=\"heading.default\">\n\t\t\t\t<div class=\"elementor-widget-container\">\n\t\t\t<h2 class=\"elementor-heading-title elementor-size-default\">SuportServ Rh\n<\/h2>\t\t<\/div>\n\t\t\t\t<\/div>\n\t\t\t\t<div class=\"elementor-element elementor-element-ee4d5d4 elementor-invisible elementor-widget elementor-widget-text-editor\" data-id=\"ee4d5d4\" data-element_type=\"widget\" data-settings=\"{&quot;_animation&quot;:&quot;fadeIn&quot;}\" data-widget_type=\"text-editor.default\">\n\t\t\t\t<div class=\"elementor-widget-container\">\n\t\t\t\t\t\t\t<p>A SuportServ RH \u00e9 uma Ag\u00eancia de Empregos, especializada em <strong>RECRUTAMENTO, SELE\u00c7\u00c3O E TERCEIRIZA\u00c7\u00c3O DE<\/strong><br \/><strong>M\u00c3O DE OBRA<\/strong>, com sede na cidade de Barueri\/SP, fundada em Abril de 2021, iniciou suas atividades na \u00e9poca da pandemia mundial, quando muitas empresas estavam baixando as portas, a SuportServ estava erguendo as portas para seus clientes, isso mostra o quanto gostamos de desafios.<\/p>\t\t\t\t\t\t<\/div>\n\t\t\t\t<\/div>\n\t\t\t\t\t<\/div>\n\t\t<\/div>\n\t\t\t\t\t\t\t<\/div>\n\t\t<\/section>\n\t\t\t\t<section class=\"elementor-section elementor-top-section elementor-element elementor-element-08187c4 elementor-section-full_width elementor-section-stretched elementor-section-height-default elementor-section-height-default\" data-id=\"08187c4\" data-element_type=\"section\" data-settings=\"{&quot;stretch_section&quot;:&quot;section-stretched&quot;}\">\n\t\t\t\t\t\t<div class=\"elementor-container elementor-column-gap-no\">\n\t\t\t\t\t<div class=\"elementor-column elementor-col-33 elementor-top-column elementor-element elementor-element-850fd4b\" data-id=\"850fd4b\" data-element_type=\"column\">\n\t\t\t<div class=\"elementor-widget-wrap elementor-element-populated\">\n\t\t\t\t\t\t\t\t<div class=\"elementor-element elementor-element-431e05f elementor-invisible elementor-widget elementor-widget-image\" data-id=\"431e05f\" data-element_type=\"widget\" data-settings=\"{&quot;_animation&quot;:&quot;fadeInLeft&quot;}\" data-widget_type=\"image.default\">\n\t\t\t\t<div class=\"elementor-widget-container\">\n\t\t\t\t\t\t\t\t\t\t\t\t\t\t\t<img loading=\"lazy\" decoding=\"async\" width=\"1018\" height=\"400\" src=\"https:\/\/www.suportservrh.com.br\/wp-content\/uploads\/2021\/05\/1555.jpg\" class=\"attachment-large size-large\" alt=\"\" srcset=\"https:\/\/www.suportservrh.com.br\/wp-content\/uploads\/2021\/05\/1555.jpg 1018w, https:\/\/www.suportservrh.com.br\/wp-content\/uploads\/2021\/05\/1555-300x118.jpg 300w, https:\/\/www.suportservrh.com.br\/wp-content\/uploads\/2021\/05\/1555-768x302.jpg 768w\" sizes=\"(max-width: 1018px) 100vw, 1018px\" \/>\t\t\t\t\t\t\t\t\t\t\t\t\t\t\t<\/div>\n\t\t\t\t<\/div>\n\t\t\t\t\t<\/div>\n\t\t<\/div>\n\t\t\t\t<div class=\"elementor-column elementor-col-33 elementor-top-column elementor-element elementor-element-8ed0720\" data-id=\"8ed0720\" data-element_type=\"column\">\n\t\t\t<div class=\"elementor-widget-wrap elementor-element-populated\">\n\t\t\t\t\t\t\t\t<div class=\"elementor-element elementor-element-b576c77 elementor-invisible elementor-widget elementor-widget-heading\" data-id=\"b576c77\" data-element_type=\"widget\" data-settings=\"{&quot;_animation&quot;:&quot;fadeIn&quot;}\" data-widget_type=\"heading.default\">\n\t\t\t\t<div class=\"elementor-widget-container\">\n\t\t\t<h2 class=\"elementor-heading-title elementor-size-default\">Miss\u00e3o<\/h2>\t\t<\/div>\n\t\t\t\t<\/div>\n\t\t\t\t<div class=\"elementor-element elementor-element-bab4290 elementor-invisible elementor-widget elementor-widget-text-editor\" data-id=\"bab4290\" data-element_type=\"widget\" data-settings=\"{&quot;_animation&quot;:&quot;fadeIn&quot;}\" data-widget_type=\"text-editor.default\">\n\t\t\t\t<div class=\"elementor-widget-container\">\n\t\t\t\t\t\t\t<p>Oferecer solu\u00e7\u00f5es com agilidade, qualidade e atendimento personalizado. Ser refer\u00eancia nacional na presta\u00e7\u00e3o de servi\u00e7os de Recrutamento e Sele\u00e7\u00e3o, visando a satisfa\u00e7\u00e3o do nosso cliente.<\/p>\t\t\t\t\t\t<\/div>\n\t\t\t\t<\/div>\n\t\t\t\t\t<\/div>\n\t\t<\/div>\n\t\t\t\t<div class=\"elementor-column elementor-col-33 elementor-top-column elementor-element elementor-element-018cef7\" data-id=\"018cef7\" data-element_type=\"column\">\n\t\t\t<div class=\"elementor-widget-wrap\">\n\t\t\t\t\t\t\t\t\t<\/div>\n\t\t<\/div>\n\t\t\t\t\t\t\t<\/div>\n\t\t<\/section>\n\t\t\t\t<section class=\"elementor-section elementor-top-section elementor-element elementor-element-1b62689 elementor-section-full_width elementor-section-stretched elementor-section-height-default elementor-section-height-default\" data-id=\"1b62689\" data-element_type=\"section\" data-settings=\"{&quot;stretch_section&quot;:&quot;section-stretched&quot;}\">\n\t\t\t\t\t\t<div class=\"elementor-container elementor-column-gap-no\">\n\t\t\t\t\t<div class=\"elementor-column elementor-col-33 elementor-top-column elementor-element elementor-element-df08ab8\" data-id=\"df08ab8\" data-element_type=\"column\">\n\t\t\t<div class=\"elementor-widget-wrap elementor-element-populated\">\n\t\t\t\t\t\t\t\t<div class=\"elementor-element elementor-element-1d00c5b elementor-invisible elementor-widget elementor-widget-image\" data-id=\"1d00c5b\" data-element_type=\"widget\" data-settings=\"{&quot;_animation&quot;:&quot;fadeInLeft&quot;}\" data-widget_type=\"image.default\">\n\t\t\t\t<div class=\"elementor-widget-container\">\n\t\t\t\t\t\t\t\t\t\t\t\t\t\t\t<img loading=\"lazy\" decoding=\"async\" width=\"1018\" height=\"400\" src=\"https:\/\/www.suportservrh.com.br\/wp-content\/uploads\/2021\/05\/9999999.jpg\" class=\"attachment-large size-large\" alt=\"\" srcset=\"https:\/\/www.suportservrh.com.br\/wp-content\/uploads\/2021\/05\/9999999.jpg 1018w, https:\/\/www.suportservrh.com.br\/wp-content\/uploads\/2021\/05\/9999999-300x118.jpg 300w, https:\/\/www.suportservrh.com.br\/wp-content\/uploads\/2021\/05\/9999999-768x302.jpg 768w\" sizes=\"(max-width: 1018px) 100vw, 1018px\" \/>\t\t\t\t\t\t\t\t\t\t\t\t\t\t\t<\/div>\n\t\t\t\t<\/div>\n\t\t\t\t\t<\/div>\n\t\t<\/div>\n\t\t\t\t<div class=\"elementor-column elementor-col-33 elementor-top-column elementor-element elementor-element-3b3c91f\" data-id=\"3b3c91f\" data-element_type=\"column\">\n\t\t\t<div class=\"elementor-widget-wrap elementor-element-populated\">\n\t\t\t\t\t\t\t\t<div class=\"elementor-element elementor-element-abe7bb1 elementor-invisible elementor-widget elementor-widget-heading\" data-id=\"abe7bb1\" data-element_type=\"widget\" data-settings=\"{&quot;_animation&quot;:&quot;fadeIn&quot;}\" data-widget_type=\"heading.default\">\n\t\t\t\t<div class=\"elementor-widget-container\">\n\t\t\t<h2 class=\"elementor-heading-title elementor-size-default\">Vis\u00e3o<\/h2>\t\t<\/div>\n\t\t\t\t<\/div>\n\t\t\t\t<div class=\"elementor-element elementor-element-e709dce elementor-invisible elementor-widget elementor-widget-text-editor\" data-id=\"e709dce\" data-element_type=\"widget\" data-settings=\"{&quot;_animation&quot;:&quot;fadeIn&quot;}\" data-widget_type=\"text-editor.default\">\n\t\t\t\t<div class=\"elementor-widget-container\">\n\t\t\t\t\t\t\t<p>Criar elos importantes com nossos clientes e Tornar-se uma empresa refer\u00eancia em solu\u00e7\u00f5es de Recrutamento e Sele\u00e7\u00e3o, assim garantindo a satisfa\u00e7\u00e3o de nossos clientes. Trabalhamos com a expectativa de ampliar o nosso campo de neg\u00f3cios com planejamento, buscando a lideran\u00e7a e excel\u00eancia em presta\u00e7\u00e3o de servi\u00e7os.<\/p>\t\t\t\t\t\t<\/div>\n\t\t\t\t<\/div>\n\t\t\t\t\t<\/div>\n\t\t<\/div>\n\t\t\t\t<div class=\"elementor-column elementor-col-33 elementor-top-column elementor-element elementor-element-8657cec\" data-id=\"8657cec\" data-element_type=\"column\">\n\t\t\t<div class=\"elementor-widget-wrap\">\n\t\t\t\t\t\t\t\t\t<\/div>\n\t\t<\/div>\n\t\t\t\t\t\t\t<\/div>\n\t\t<\/section>\n\t\t\t\t<section class=\"elementor-section elementor-top-section elementor-element elementor-element-1aa5daf elementor-section-full_width elementor-section-stretched elementor-section-height-default elementor-section-height-default\" data-id=\"1aa5daf\" data-element_type=\"section\" data-settings=\"{&quot;stretch_section&quot;:&quot;section-stretched&quot;}\">\n\t\t\t\t\t\t<div class=\"elementor-container elementor-column-gap-no\">\n\t\t\t\t\t<div class=\"elementor-column elementor-col-33 elementor-top-column elementor-element elementor-element-959d9f6\" data-id=\"959d9f6\" data-element_type=\"column\">\n\t\t\t<div class=\"elementor-widget-wrap elementor-element-populated\">\n\t\t\t\t\t\t\t\t<div class=\"elementor-element elementor-element-625133d elementor-invisible elementor-widget elementor-widget-image\" data-id=\"625133d\" data-element_type=\"widget\" data-settings=\"{&quot;_animation&quot;:&quot;fadeInLeft&quot;}\" data-widget_type=\"image.default\">\n\t\t\t\t<div class=\"elementor-widget-container\">\n\t\t\t\t\t\t\t\t\t\t\t\t\t\t\t<img loading=\"lazy\" decoding=\"async\" width=\"1018\" height=\"400\" src=\"https:\/\/www.suportservrh.com.br\/wp-content\/uploads\/2021\/05\/66666666666.jpg\" class=\"attachment-large size-large\" alt=\"\" srcset=\"https:\/\/www.suportservrh.com.br\/wp-content\/uploads\/2021\/05\/66666666666.jpg 1018w, https:\/\/www.suportservrh.com.br\/wp-content\/uploads\/2021\/05\/66666666666-300x118.jpg 300w, https:\/\/www.suportservrh.com.br\/wp-content\/uploads\/2021\/05\/66666666666-768x302.jpg 768w\" sizes=\"(max-width: 1018px) 100vw, 1018px\" \/>\t\t\t\t\t\t\t\t\t\t\t\t\t\t\t<\/div>\n\t\t\t\t<\/div>\n\t\t\t\t\t<\/div>\n\t\t<\/div>\n\t\t\t\t<div class=\"elementor-column elementor-col-33 elementor-top-column elementor-element elementor-element-100007c\" data-id=\"100007c\" data-element_type=\"column\">\n\t\t\t<div class=\"elementor-widget-wrap elementor-element-populated\">\n\t\t\t\t\t\t\t\t<div class=\"elementor-element elementor-element-17e462c elementor-invisible elementor-widget elementor-widget-heading\" data-id=\"17e462c\" data-element_type=\"widget\" data-settings=\"{&quot;_animation&quot;:&quot;fadeIn&quot;}\" data-widget_type=\"heading.default\">\n\t\t\t\t<div class=\"elementor-widget-container\">\n\t\t\t<h2 class=\"elementor-heading-title elementor-size-default\">Valores<\/h2>\t\t<\/div>\n\t\t\t\t<\/div>\n\t\t\t\t<div class=\"elementor-element elementor-element-887fe91 elementor-invisible elementor-widget elementor-widget-text-editor\" data-id=\"887fe91\" data-element_type=\"widget\" data-settings=\"{&quot;_animation&quot;:&quot;fadeIn&quot;}\" data-widget_type=\"text-editor.default\">\n\t\t\t\t<div class=\"elementor-widget-container\">\n\t\t\t\t\t\t\t<p>\u00c9tica, esp\u00edrito de equipe, transpar\u00eancia e comprometimento. Responsabilidade ambiental e social, respeito, atitude inovadora, proatividade e dinamismo.<\/p>\t\t\t\t\t\t<\/div>\n\t\t\t\t<\/div>\n\t\t\t\t\t<\/div>\n\t\t<\/div>\n\t\t\t\t<div class=\"elementor-column elementor-col-33 elementor-top-column elementor-element elementor-element-68e897e\" data-id=\"68e897e\" data-element_type=\"column\">\n\t\t\t<div class=\"elementor-widget-wrap\">\n\t\t\t\t\t\t\t\t\t<\/div>\n\t\t<\/div>\n\t\t\t\t\t\t\t<\/div>\n\t\t<\/section>\n\t\t\t\t<section class=\"elementor-section elementor-top-section elementor-element elementor-element-f16c31c elementor-section-stretched elementor-section-boxed elementor-section-height-default elementor-section-height-default\" data-id=\"f16c31c\" data-element_type=\"section\" data-settings=\"{&quot;stretch_section&quot;:&quot;section-stretched&quot;,&quot;background_background&quot;:&quot;classic&quot;}\">\n\t\t\t\t\t\t<div class=\"elementor-container elementor-column-gap-default\">\n\t\t\t\t\t<div class=\"elementor-column elementor-col-50 elementor-top-column elementor-element elementor-element-a18bb4a\" data-id=\"a18bb4a\" data-element_type=\"column\">\n\t\t\t<div class=\"elementor-widget-wrap elementor-element-populated\">\n\t\t\t\t\t\t\t\t<div class=\"elementor-element elementor-element-4830600 elementor-invisible elementor-widget elementor-widget-heading\" data-id=\"4830600\" data-element_type=\"widget\" data-settings=\"{&quot;_animation&quot;:&quot;fadeIn&quot;}\" data-widget_type=\"heading.default\">\n\t\t\t\t<div class=\"elementor-widget-container\">\n\t\t\t<h2 class=\"elementor-heading-title elementor-size-default\">(11) 91339-8289 WhatsApp (11) 94502-9045<span style=\"letter-spacing: 0px;\"><\/span><br><\/h2>\t\t<\/div>\n\t\t\t\t<\/div>\n\t\t\t\t<div class=\"elementor-element elementor-element-5c059a4 elementor-invisible elementor-widget elementor-widget-text-editor\" data-id=\"5c059a4\" data-element_type=\"widget\" data-settings=\"{&quot;_animation&quot;:&quot;fadeIn&quot;}\" data-widget_type=\"text-editor.default\">\n\t\t\t\t<div class=\"elementor-widget-container\">\n\t\t\t\t\t\t\t<p>Rua Campos Sales 639, Sala 07, 2\u00ba Andar \u2013 Vila Pouso Alegre, Barueri.<br \/><strong>E-mail de Contato<\/strong>: contato@suportservrh.com.br<\/p>\t\t\t\t\t\t<\/div>\n\t\t\t\t<\/div>\n\t\t\t\t<div class=\"elementor-element elementor-element-e8e2d19 elementor-shape-rounded elementor-grid-0 e-grid-align-center elementor-invisible elementor-widget elementor-widget-social-icons\" data-id=\"e8e2d19\" data-element_type=\"widget\" data-settings=\"{&quot;_animation&quot;:&quot;fadeIn&quot;}\" data-widget_type=\"social-icons.default\">\n\t\t\t\t<div class=\"elementor-widget-container\">\n\t\t\t\t\t<div class=\"elementor-social-icons-wrapper elementor-grid\">\n\t\t\t\t\t\t\t<span class=\"elementor-grid-item\">\n\t\t\t\t\t<a class=\"elementor-icon elementor-social-icon elementor-social-icon-facebook elementor-repeater-item-673b07a\" href=\"https:\/\/www.facebook.com\/SuportServterceirizacao\/\" target=\"_blank\">\n\t\t\t\t\t\t<span class=\"elementor-screen-only\">Facebook<\/span>\n\t\t\t\t\t\t<i class=\"fab fa-facebook\"><\/i>\t\t\t\t\t<\/a>\n\t\t\t\t<\/span>\n\t\t\t\t\t\t\t<span class=\"elementor-grid-item\">\n\t\t\t\t\t<a class=\"elementor-icon elementor-social-icon elementor-social-icon-instagram elementor-repeater-item-ec8cac6\" href=\"https:\/\/www.instagram.com\/suportservrh\/?utm_medium=copy_link\" target=\"_blank\">\n\t\t\t\t\t\t<span class=\"elementor-screen-only\">Instagram<\/span>\n\t\t\t\t\t\t<i class=\"fab fa-instagram\"><\/i>\t\t\t\t\t<\/a>\n\t\t\t\t<\/span>\n\t\t\t\t\t<\/div>\n\t\t\t\t<\/div>\n\t\t\t\t<\/div>\n\t\t\t\t\t<\/div>\n\t\t<\/div>\n\t\t\t\t<div class=\"elementor-column elementor-col-50 elementor-top-column elementor-element elementor-element-d5c5af0\" data-id=\"d5c5af0\" data-element_type=\"column\">\n\t\t\t<div class=\"elementor-widget-wrap elementor-element-populated\">\n\t\t\t\t\t\t\t\t<div class=\"elementor-element elementor-element-f6c1216 elementor-widget elementor-widget-google_maps\" data-id=\"f6c1216\" data-element_type=\"widget\" data-widget_type=\"google_maps.default\">\n\t\t\t\t<div class=\"elementor-widget-container\">\n\t\t\t\t\t<div class=\"elementor-custom-embed\">\n\t\t\t<iframe frameborder=\"0\" scrolling=\"no\" marginheight=\"0\" marginwidth=\"0\"\n\t\t\t\t\tsrc=\"https:\/\/maps.google.com\/maps?q=Rua%20Campos%20Sales%20639%2C%20Sala%2007%2C%202%C2%BA%20Andar%20%E2%80%93%20Vila%20Pouso%20Alegre%2C%20Barueri.&#038;t=m&#038;z=10&#038;output=embed&#038;iwloc=near\"\n\t\t\t\t\ttitle=\"Rua Campos Sales 639, Sala 07, 2\u00ba Andar \u2013 Vila Pouso Alegre, Barueri.\"\n\t\t\t\t\taria-label=\"Rua Campos Sales 639, Sala 07, 2\u00ba Andar \u2013 Vila Pouso Alegre, Barueri.\"\n\t\t\t><\/iframe>\n\t\t<\/div>\n\t\t\t\t<\/div>\n\t\t\t\t<\/div>\n\t\t\t\t\t<\/div>\n\t\t<\/div>\n\t\t\t\t\t\t\t<\/div>\n\t\t<\/section>\n\t\t\t\t\t\t\t<\/div>\n\t\t","protected":false},"excerpt":{"rendered":"<p>Quem Somos SuportServ Rh A SuportServ RH \u00e9 uma Ag\u00eancia de Empregos, especializada em RECRUTAMENTO, SELE\u00c7\u00c3O E TERCEIRIZA\u00c7\u00c3O DEM\u00c3O DE OBRA, com sede na cidade de Barueri\/SP, fundada em Abril de 2021, iniciou suas atividades na \u00e9poca da pandemia mundial, quando muitas empresas estavam baixando as portas, a SuportServ estava erguendo as portas para seus&hellip;&nbsp;<a href=\"https:\/\/www.suportservrh.com.br\/?page_id=359\" rel=\"bookmark\">Continue a ler &raquo;<span class=\"screen-reader-text\">Quem Somos<\/span><\/a><\/p>\n","protected":false},"author":1,"featured_media":0,"parent":0,"menu_order":0,"comment_status":"closed","ping_status":"closed","template":"","meta":{"neve_meta_sidebar":"","neve_meta_container":"","neve_meta_enable_content_width":"on","neve_meta_content_width":100,"neve_meta_title_alignment":"","neve_meta_author_avatar":"","neve_post_elements_order":"","neve_meta_disable_header":"","neve_meta_disable_footer":"","neve_meta_disable_title":"on","_ti_tpc_template_sync":false,"_ti_tpc_template_id":"","footnotes":""},"yoast_head":"<!-- This site is optimized with the Yoast SEO plugin v16.3 - https:\/\/yoast.com\/wordpress\/plugins\/seo\/ -->\n<title>Quem Somos - SuportServ Rh<\/title>\n<meta name=\"robots\" content=\"index, follow, max-snippet:-1, max-image-preview:large, max-video-preview:-1\" \/>\n<link rel=\"canonical\" href=\"https:\/\/www.suportservrh.com.br\/?page_id=359\" \/>\n<meta property=\"og:locale\" content=\"pt_BR\" \/>\n<meta property=\"og:type\" content=\"article\" \/>\n<meta property=\"og:title\" content=\"Quem Somos - SuportServ Rh\" \/>\n<meta property=\"og:description\" content=\"Quem Somos SuportServ Rh A SuportServ RH \u00e9 uma Ag\u00eancia de Empregos, especializada em RECRUTAMENTO, SELE\u00c7\u00c3O E TERCEIRIZA\u00c7\u00c3O DEM\u00c3O DE OBRA, com sede na cidade de Barueri\/SP, fundada em Abril de 2021, iniciou suas atividades na \u00e9poca da pandemia mundial, quando muitas empresas estavam baixando as portas, a SuportServ estava erguendo as portas para seus&hellip;&nbsp;Continue a ler &raquo;Quem Somos\" \/>\n<meta property=\"og:url\" content=\"https:\/\/www.suportservrh.com.br\/?page_id=359\" \/>\n<meta property=\"og:site_name\" content=\"SuportServ Rh\" \/>\n<meta property=\"article:modified_time\" content=\"2025-07-06T22:38:03+00:00\" \/>\n<meta property=\"og:image\" content=\"https:\/\/www.suportservrh.com.br\/wp-content\/uploads\/2021\/05\/1555.jpg\" \/>\n<meta name=\"twitter:card\" content=\"summary_large_image\" \/>\n<meta name=\"twitter:label1\" content=\"Est. tempo de leitura\">\n\t<meta name=\"twitter:data1\" content=\"2 minutos\">\n<script type=\"application\/ld+json\" class=\"yoast-schema-graph\">{\"@context\":\"https:\/\/schema.org\",\"@graph\":[{\"@type\":\"Organization\",\"@id\":\"https:\/\/www.suportservrh.com.br\/#organization\",\"name\":\"Suportservrh\",\"url\":\"https:\/\/www.suportservrh.com.br\/\",\"sameAs\":[],\"logo\":{\"@type\":\"ImageObject\",\"@id\":\"https:\/\/www.suportservrh.com.br\/#logo\",\"inLanguage\":\"pt-BR\",\"url\":\"https:\/\/www.suportservrh.com.br\/wp-content\/uploads\/2021\/05\/MARCA.jpg\",\"contentUrl\":\"https:\/\/www.suportservrh.com.br\/wp-content\/uploads\/2021\/05\/MARCA.jpg\",\"width\":226,\"height\":87,\"caption\":\"Suportservrh\"},\"image\":{\"@id\":\"https:\/\/www.suportservrh.com.br\/#logo\"}},{\"@type\":\"WebSite\",\"@id\":\"https:\/\/www.suportservrh.com.br\/#website\",\"url\":\"https:\/\/www.suportservrh.com.br\/\",\"name\":\"SuportServ Rh\",\"description\":\"SuportServ Rh\",\"publisher\":{\"@id\":\"https:\/\/www.suportservrh.com.br\/#organization\"},\"potentialAction\":[{\"@type\":\"SearchAction\",\"target\":\"https:\/\/www.suportservrh.com.br\/?s={search_term_string}\",\"query-input\":\"required name=search_term_string\"}],\"inLanguage\":\"pt-BR\"},{\"@type\":\"ImageObject\",\"@id\":\"https:\/\/www.suportservrh.com.br\/?page_id=359#primaryimage\",\"inLanguage\":\"pt-BR\",\"url\":\"https:\/\/www.suportservrh.com.br\/wp-content\/uploads\/2021\/05\/1555.jpg\",\"contentUrl\":\"https:\/\/www.suportservrh.com.br\/wp-content\/uploads\/2021\/05\/1555.jpg\",\"width\":1018,\"height\":400},{\"@type\":\"WebPage\",\"@id\":\"https:\/\/www.suportservrh.com.br\/?page_id=359#webpage\",\"url\":\"https:\/\/www.suportservrh.com.br\/?page_id=359\",\"name\":\"Quem Somos - SuportServ Rh\",\"isPartOf\":{\"@id\":\"https:\/\/www.suportservrh.com.br\/#website\"},\"primaryImageOfPage\":{\"@id\":\"https:\/\/www.suportservrh.com.br\/?page_id=359#primaryimage\"},\"datePublished\":\"2021-05-21T00:14:41+00:00\",\"dateModified\":\"2025-07-06T22:38:03+00:00\",\"breadcrumb\":{\"@id\":\"https:\/\/www.suportservrh.com.br\/?page_id=359#breadcrumb\"},\"inLanguage\":\"pt-BR\",\"potentialAction\":[{\"@type\":\"ReadAction\",\"target\":[\"https:\/\/www.suportservrh.com.br\/?page_id=359\"]}]},{\"@type\":\"BreadcrumbList\",\"@id\":\"https:\/\/www.suportservrh.com.br\/?page_id=359#breadcrumb\",\"itemListElement\":[{\"@type\":\"ListItem\",\"position\":1,\"item\":{\"@type\":\"WebPage\",\"@id\":\"https:\/\/www.suportservrh.com.br\/\",\"url\":\"https:\/\/www.suportservrh.com.br\/\",\"name\":\"In\\u00edcio\"}},{\"@type\":\"ListItem\",\"position\":2,\"item\":{\"@id\":\"https:\/\/www.suportservrh.com.br\/?page_id=359#webpage\"}}]}]}<\/script>\n<!-- \/ Yoast SEO plugin. -->","_links":{"self":[{"href":"https:\/\/www.suportservrh.com.br\/index.php?rest_route=\/wp\/v2\/pages\/359"}],"collection":[{"href":"https:\/\/www.suportservrh.com.br\/index.php?rest_route=\/wp\/v2\/pages"}],"about":[{"href":"https:\/\/www.suportservrh.com.br\/index.php?rest_route=\/wp\/v2\/types\/page"}],"author":[{"embeddable":true,"href":"https:\/\/www.suportservrh.com.br\/index.php?rest_route=\/wp\/v2\/users\/1"}],"replies":[{"embeddable":true,"href":"https:\/\/www.suportservrh.com.br\/index.php?rest_route=%2Fwp%2Fv2%2Fcomments&post=359"}],"version-history":[{"count":62,"href":"https:\/\/www.suportservrh.com.br\/index.php?rest_route=\/wp\/v2\/pages\/359\/revisions"}],"predecessor-version":[{"id":1093,"href":"https:\/\/www.suportservrh.com.br\/index.php?rest_route=\/wp\/v2\/pages\/359\/revisions\/1093"}],"wp:attachment":[{"href":"https:\/\/www.suportservrh.com.br\/index.php?rest_route=%2Fwp%2Fv2%2Fmedia&parent=359"}],"curies":[{"name":"wp","href":"https:\/\/api.w.org\/{rel}","templated":true}]}}