{"id":570,"date":"2021-05-21T11:04:34","date_gmt":"2021-05-21T14:04:34","guid":{"rendered":"https:\/\/www.suportservrh.com.br\/?page_id=570"},"modified":"2025-07-06T19:35:12","modified_gmt":"2025-07-06T22:35:12","slug":"cadastro-de-clientes-e-candidatos","status":"publish","type":"page","link":"https:\/\/www.suportservrh.com.br\/?page_id=570","title":{"rendered":"Cadastro de Clientes e Candidatos"},"content":{"rendered":"\t\t<div data-elementor-type=\"wp-page\" data-elementor-id=\"570\" class=\"elementor elementor-570\">\n\t\t\t\t\t\t\t\t\t<section class=\"elementor-section elementor-top-section elementor-element elementor-element-8faef5e elementor-section-stretched elementor-section-height-min-height elementor-section-boxed elementor-section-height-default elementor-section-items-middle\" data-id=\"8faef5e\" data-element_type=\"section\" data-settings=\"{&quot;stretch_section&quot;:&quot;section-stretched&quot;,&quot;background_background&quot;:&quot;classic&quot;,&quot;shape_divider_top&quot;:&quot;arrow&quot;}\">\n\t\t\t\t\t\t\t<div class=\"elementor-background-overlay\"><\/div>\n\t\t\t\t\t\t<div class=\"elementor-shape elementor-shape-top\" data-negative=\"false\">\n\t\t\t<svg xmlns=\"http:\/\/www.w3.org\/2000\/svg\" viewBox=\"0 0 700 10\" preserveAspectRatio=\"none\">\n\t<path class=\"elementor-shape-fill\" d=\"M350,10L340,0h20L350,10z\"\/>\n<\/svg>\t\t<\/div>\n\t\t\t\t\t<div class=\"elementor-container elementor-column-gap-default\">\n\t\t\t\t\t<div class=\"elementor-column elementor-col-100 elementor-top-column elementor-element elementor-element-d8d430c\" data-id=\"d8d430c\" data-element_type=\"column\">\n\t\t\t<div class=\"elementor-widget-wrap elementor-element-populated\">\n\t\t\t\t\t\t\t\t<div class=\"elementor-element elementor-element-693cf08 elementor-invisible elementor-widget elementor-widget-heading\" data-id=\"693cf08\" data-element_type=\"widget\" data-settings=\"{&quot;_animation&quot;:&quot;fadeIn&quot;}\" data-widget_type=\"heading.default\">\n\t\t\t\t<div class=\"elementor-widget-container\">\n\t\t\t<h2 class=\"elementor-heading-title elementor-size-default\">Envie seu curr\u00edculo!\n<\/h2>\t\t<\/div>\n\t\t\t\t<\/div>\n\t\t\t\t<div class=\"elementor-element elementor-element-a9aab43 elementor-invisible elementor-widget elementor-widget-text-editor\" data-id=\"a9aab43\" data-element_type=\"widget\" data-settings=\"{&quot;_animation&quot;:&quot;fadeIn&quot;}\" data-widget_type=\"text-editor.default\">\n\t\t\t\t<div class=\"elementor-widget-container\">\n\t\t\t\t\t\t\t<p>Aqui, voc\u00ea n\u00e3o \u00e9 apenas mais um queremos entender seu perfil, seus objetivos e ajud\u00e1-lo a encontrar a vaga ideal.<br data-start=\"475\" data-end=\"478\" \/>Conte conosco para dar o pr\u00f3ximo passo na sua carreira. Cadastre-se e venha construir seu futuro com quem se importa com ele!<\/p>\t\t\t\t\t\t<\/div>\n\t\t\t\t<\/div>\n\t\t\t\t\t<\/div>\n\t\t<\/div>\n\t\t\t\t\t\t\t<\/div>\n\t\t<\/section>\n\t\t\t\t<section class=\"elementor-section elementor-top-section elementor-element elementor-element-7bb59aa elementor-section-boxed elementor-section-height-default elementor-section-height-default\" data-id=\"7bb59aa\" data-element_type=\"section\">\n\t\t\t\t\t\t<div class=\"elementor-container elementor-column-gap-default\">\n\t\t\t\t\t<div class=\"elementor-column elementor-col-100 elementor-top-column elementor-element elementor-element-556cfbf\" data-id=\"556cfbf\" data-element_type=\"column\">\n\t\t\t<div class=\"elementor-widget-wrap elementor-element-populated\">\n\t\t\t\t\t\t\t\t<div class=\"elementor-element elementor-element-cf662ff elementor-widget elementor-widget-shortcode\" data-id=\"cf662ff\" data-element_type=\"widget\" data-widget_type=\"shortcode.default\">\n\t\t\t\t<div class=\"elementor-widget-container\">\n\t\t\t\t\t<div class=\"elementor-shortcode\"><div role=\"form\" class=\"wpcf7\" id=\"wpcf7-f710-o1\" lang=\"pt-BR\" dir=\"ltr\">\n<div class=\"screen-reader-response\"><p role=\"status\" aria-live=\"polite\" aria-atomic=\"true\"><\/p> <ul><\/ul><\/div>\n<form action=\"\/index.php?rest_route=%2Fwp%2Fv2%2Fpages%2F570#wpcf7-f710-o1\" method=\"post\" class=\"wpcf7-form init cf7skins cf7t-event cf7s-default\" enctype=\"multipart\/form-data\" novalidate=\"novalidate\" data-status=\"init\">\n<div style=\"display: none;\">\n<input type=\"hidden\" name=\"_wpcf7\" value=\"710\" \/>\n<input type=\"hidden\" name=\"_wpcf7_version\" value=\"5.4.1\" \/>\n<input type=\"hidden\" name=\"_wpcf7_locale\" value=\"pt_BR\" \/>\n<input type=\"hidden\" name=\"_wpcf7_unit_tag\" value=\"wpcf7-f710-o1\" \/>\n<input type=\"hidden\" name=\"_wpcf7_container_post\" value=\"0\" \/>\n<input type=\"hidden\" name=\"_wpcf7_posted_data_hash\" value=\"\" \/>\n<\/div>\n<fieldset>\n<legend>Preencha o cadastro<\/legend>\n<ol>\n<li><label for='text-203'>Seu nome completo <em class=\"cf7s-reqd\">*<\/em> <\/label><span class=\"wpcf7-form-control-wrap text-203\"><input type=\"text\" name=\"text-203\" value=\"\" size=\"40\" class=\"wpcf7-form-control wpcf7-text wpcf7-validates-as-required\" id=\"text-203\" aria-required=\"true\" aria-invalid=\"false\" \/><\/span><\/li>\n<li><label for='date-182'>Data de Nascimento <em class=\"cf7s-reqd\">*<\/em> <\/label><span class=\"wpcf7-form-control-wrap date-182\"><input type=\"date\" name=\"date-182\" value=\"\" class=\"wpcf7-form-control wpcf7-date wpcf7-validates-as-required wpcf7-validates-as-date\" id=\"date-182\" aria-required=\"true\" aria-invalid=\"false\" \/><\/span><\/li>\n<li><label for='tel-722'>Telefone para contato <em class=\"cf7s-reqd\">*<\/em> <\/label><span class=\"wpcf7-form-control-wrap tel-722\"><input type=\"tel\" name=\"tel-722\" value=\"\" size=\"40\" class=\"wpcf7-form-control wpcf7-text wpcf7-tel wpcf7-validates-as-required wpcf7-validates-as-tel\" id=\"tel-722\" aria-required=\"true\" aria-invalid=\"false\" \/><\/span><\/li>\n<li><label for='email-673'>Seu email <em class=\"cf7s-reqd\">*<\/em> <\/label><span class=\"wpcf7-form-control-wrap email-673\"><input type=\"email\" name=\"email-673\" value=\"email\" size=\"40\" class=\"wpcf7-form-control wpcf7-text wpcf7-email wpcf7-validates-as-required wpcf7-validates-as-email\" id=\"email-673\" aria-required=\"true\" aria-invalid=\"false\" \/><\/span><\/li>\n<li><label for='text-970'>Cidade <em class=\"cf7s-reqd\">*<\/em> <\/label><span class=\"wpcf7-form-control-wrap text-970\"><input type=\"text\" name=\"text-970\" value=\"\" size=\"40\" class=\"wpcf7-form-control wpcf7-text wpcf7-validates-as-required\" id=\"text-970\" aria-required=\"true\" aria-invalid=\"false\" \/><\/span><\/li>\n<li><label for='text-182'>Endere\u00e7o <em class=\"cf7s-reqd\">*<\/em> <\/label><span class=\"wpcf7-form-control-wrap text-182\"><input type=\"text\" name=\"text-182\" value=\"\" size=\"40\" class=\"wpcf7-form-control wpcf7-text wpcf7-validates-as-required\" id=\"text-182\" aria-required=\"true\" aria-invalid=\"false\" \/><\/span><\/li>\n<li><label for='textarea-178'>Descreva suas habilidades <em class=\"cf7s-reqd\">*<\/em> <\/label><span class=\"wpcf7-form-control-wrap textarea-178\"><textarea name=\"textarea-178\" cols=\"40\" rows=\"10\" class=\"wpcf7-form-control wpcf7-textarea wpcf7-validates-as-required\" id=\"textarea-178\" aria-required=\"true\" aria-invalid=\"false\"><\/textarea><\/span><\/li>\n<li><label for='checkbox-388'>Onde voc\u00ea ouviu sobre n\u00f3s? <\/label><span class=\"wpcf7-form-control-wrap checkbox-388\"><span class=\"wpcf7-form-control wpcf7-checkbox\" id=\"checkbox-388\"><span class=\"wpcf7-list-item first\"><input type=\"checkbox\" name=\"checkbox-388[]\" value=\"Redes Sociais\" \/><span class=\"wpcf7-list-item-label\">Redes Sociais<\/span><\/span><span class=\"wpcf7-list-item\"><input type=\"checkbox\" name=\"checkbox-388[]\" value=\"Google\" \/><span class=\"wpcf7-list-item-label\">Google<\/span><\/span><span class=\"wpcf7-list-item\"><input type=\"checkbox\" name=\"checkbox-388[]\" value=\"Jornais\" \/><span class=\"wpcf7-list-item-label\">Jornais<\/span><\/span><span class=\"wpcf7-list-item last\"><input type=\"checkbox\" name=\"checkbox-388[]\" value=\"An\u00fancios Digitais\" \/><span class=\"wpcf7-list-item-label\">An\u00fancios Digitais<\/span><\/span><\/span><\/span><\/li>\n<li><label for='textarea-295'>Suas certifica\u00e7\u00f5es <em class=\"cf7s-reqd\">*<\/em> <\/label><span class=\"wpcf7-form-control-wrap textarea-295\"><textarea name=\"textarea-295\" cols=\"40\" rows=\"10\" class=\"wpcf7-form-control wpcf7-textarea wpcf7-validates-as-required\" id=\"textarea-295\" aria-required=\"true\" aria-invalid=\"false\"><\/textarea><\/span><\/li>\n<li><label for='file-693'>Voc\u00ea pode fazer upload do documento (Enviar em pdf)) <em class=\"cf7s-reqd\">*<\/em> <\/label><span class=\"wpcf7-form-control-wrap file-693\"><input type=\"file\" name=\"file-693\" size=\"40\" class=\"wpcf7-form-control wpcf7-file wpcf7-validates-as-required\" accept=\".pdf\" aria-required=\"true\" aria-invalid=\"false\" \/><\/span><\/li>\n<\/ol>\n<p>\n\t\t* Required\n\t<\/p>\n<\/fieldset>\n<p><input type=\"submit\" value=\"Enviar curr\u00edculo!\" class=\"wpcf7-form-control wpcf7-submit\" \/><\/p>\n<ol>\n<li><\/li>\n<\/ol>\n<div class=\"wpcf7-response-output\" aria-hidden=\"true\"><\/div><\/form><\/div><\/div>\n\t\t\t\t<\/div>\n\t\t\t\t<\/div>\n\t\t\t\t\t<\/div>\n\t\t<\/div>\n\t\t\t\t\t\t\t<\/div>\n\t\t<\/section>\n\t\t\t\t<section class=\"elementor-section elementor-top-section elementor-element elementor-element-6af430f elementor-section-full_width elementor-section-stretched elementor-section-height-default elementor-section-height-default\" data-id=\"6af430f\" data-element_type=\"section\" data-settings=\"{&quot;stretch_section&quot;:&quot;section-stretched&quot;}\">\n\t\t\t\t\t\t<div class=\"elementor-container elementor-column-gap-no\">\n\t\t\t\t\t<div class=\"elementor-column elementor-col-100 elementor-top-column elementor-element elementor-element-284d9fd\" data-id=\"284d9fd\" data-element_type=\"column\">\n\t\t\t<div class=\"elementor-widget-wrap elementor-element-populated\">\n\t\t\t\t\t\t\t\t<div class=\"elementor-element elementor-element-8050268 elementor-widget elementor-widget-shortcode\" data-id=\"8050268\" data-element_type=\"widget\" data-widget_type=\"shortcode.default\">\n\t\t\t\t<div class=\"elementor-widget-container\">\n\t\t\t\t\t<div class=\"elementor-shortcode\"><\/div>\n\t\t\t\t<\/div>\n\t\t\t\t<\/div>\n\t\t\t\t<div class=\"elementor-element elementor-element-7e632de elementor-invisible elementor-widget elementor-widget-heading\" data-id=\"7e632de\" data-element_type=\"widget\" data-settings=\"{&quot;_animation&quot;:&quot;fadeIn&quot;}\" data-widget_type=\"heading.default\">\n\t\t\t\t<div class=\"elementor-widget-container\">\n\t\t\t<h2 class=\"elementor-heading-title elementor-size-default\">(11) 91339-8289 WhatsApp (11) 94502-9045<span style=\"letter-spacing: 0px; background-color: var(--nv-site-bg);\"><\/span><br><\/h2>\t\t<\/div>\n\t\t\t\t<\/div>\n\t\t\t\t<div class=\"elementor-element elementor-element-5c059a4 elementor-invisible elementor-widget elementor-widget-text-editor\" data-id=\"5c059a4\" data-element_type=\"widget\" data-settings=\"{&quot;_animation&quot;:&quot;fadeIn&quot;}\" data-widget_type=\"text-editor.default\">\n\t\t\t\t<div class=\"elementor-widget-container\">\n\t\t\t\t\t\t\t<p>Rua Campos Sales 639, Sala 07, 2\u00ba Andar &#8211; Vila Pouso Alegre, Barueri.<br \/><strong>E-mail de Contato<\/strong>: contato@suportservrh.com.br<\/p>\t\t\t\t\t\t<\/div>\n\t\t\t\t<\/div>\n\t\t\t\t<div class=\"elementor-element elementor-element-e8e2d19 elementor-shape-rounded elementor-grid-0 e-grid-align-center elementor-invisible elementor-widget elementor-widget-social-icons\" data-id=\"e8e2d19\" data-element_type=\"widget\" data-settings=\"{&quot;_animation&quot;:&quot;fadeIn&quot;}\" data-widget_type=\"social-icons.default\">\n\t\t\t\t<div class=\"elementor-widget-container\">\n\t\t\t\t\t<div class=\"elementor-social-icons-wrapper elementor-grid\">\n\t\t\t\t\t\t\t<span class=\"elementor-grid-item\">\n\t\t\t\t\t<a class=\"elementor-icon elementor-social-icon elementor-social-icon-facebook elementor-repeater-item-673b07a\" href=\"https:\/\/www.facebook.com\/SuportServterceirizacao\/\" target=\"_blank\">\n\t\t\t\t\t\t<span class=\"elementor-screen-only\">Facebook<\/span>\n\t\t\t\t\t\t<i class=\"fab fa-facebook\"><\/i>\t\t\t\t\t<\/a>\n\t\t\t\t<\/span>\n\t\t\t\t\t\t\t<span class=\"elementor-grid-item\">\n\t\t\t\t\t<a class=\"elementor-icon elementor-social-icon elementor-social-icon-instagram elementor-repeater-item-ec8cac6\" href=\"https:\/\/www.instagram.com\/suportservrh\/?utm_medium=copy_link\" target=\"_blank\">\n\t\t\t\t\t\t<span class=\"elementor-screen-only\">Instagram<\/span>\n\t\t\t\t\t\t<i class=\"fab fa-instagram\"><\/i>\t\t\t\t\t<\/a>\n\t\t\t\t<\/span>\n\t\t\t\t\t<\/div>\n\t\t\t\t<\/div>\n\t\t\t\t<\/div>\n\t\t\t\t<div class=\"elementor-element elementor-element-f6c1216 elementor-widget elementor-widget-google_maps\" data-id=\"f6c1216\" data-element_type=\"widget\" data-widget_type=\"google_maps.default\">\n\t\t\t\t<div class=\"elementor-widget-container\">\n\t\t\t\t\t<div class=\"elementor-custom-embed\">\n\t\t\t<iframe frameborder=\"0\" scrolling=\"no\" marginheight=\"0\" marginwidth=\"0\"\n\t\t\t\t\tsrc=\"https:\/\/maps.google.com\/maps?q=Rua%20Campos%20Sales%20639%2C%20Sala%2007%2C%202%C2%BA%20Andar%20-%20Vila%20Pouso%20Alegre%2C%20Barueri.&#038;t=m&#038;z=10&#038;output=embed&#038;iwloc=near\"\n\t\t\t\t\ttitle=\"Rua Campos Sales 639, Sala 07, 2\u00ba Andar - Vila Pouso Alegre, Barueri.\"\n\t\t\t\t\taria-label=\"Rua Campos Sales 639, Sala 07, 2\u00ba Andar - Vila Pouso Alegre, Barueri.\"\n\t\t\t><\/iframe>\n\t\t<\/div>\n\t\t\t\t<\/div>\n\t\t\t\t<\/div>\n\t\t\t\t\t<\/div>\n\t\t<\/div>\n\t\t\t\t\t\t\t<\/div>\n\t\t<\/section>\n\t\t\t\t\t\t\t<\/div>\n\t\t","protected":false},"excerpt":{"rendered":"<p>Envie seu curr\u00edculo! Aqui, voc\u00ea n\u00e3o \u00e9 apenas mais um queremos entender seu perfil, seus objetivos e ajud\u00e1-lo a encontrar a vaga ideal.Conte conosco para dar o pr\u00f3ximo passo na sua carreira. Cadastre-se e venha construir seu futuro com quem se importa com ele! (11) 91339-8289 WhatsApp (11) 94502-9045 Rua Campos Sales 639, Sala 07,&hellip;&nbsp;<a href=\"https:\/\/www.suportservrh.com.br\/?page_id=570\" rel=\"bookmark\">Continue a ler &raquo;<span class=\"screen-reader-text\">Cadastro de Clientes e Candidatos<\/span><\/a><\/p>\n","protected":false},"author":1,"featured_media":0,"parent":0,"menu_order":0,"comment_status":"closed","ping_status":"closed","template":"","meta":{"neve_meta_sidebar":"","neve_meta_container":"","neve_meta_enable_content_width":"on","neve_meta_content_width":100,"neve_meta_title_alignment":"","neve_meta_author_avatar":"","neve_post_elements_order":"","neve_meta_disable_header":"","neve_meta_disable_footer":"","neve_meta_disable_title":"on","_ti_tpc_template_sync":false,"_ti_tpc_template_id":"","footnotes":""},"yoast_head":"<!-- This site is optimized with the Yoast SEO plugin v16.3 - https:\/\/yoast.com\/wordpress\/plugins\/seo\/ -->\n<title>Cadastro de Clientes e Candidatos - SuportServ Rh<\/title>\n<meta name=\"robots\" content=\"index, follow, max-snippet:-1, max-image-preview:large, max-video-preview:-1\" \/>\n<link rel=\"canonical\" href=\"https:\/\/www.suportservrh.com.br\/?page_id=570\" \/>\n<meta property=\"og:locale\" content=\"pt_BR\" \/>\n<meta property=\"og:type\" content=\"article\" \/>\n<meta property=\"og:title\" content=\"Cadastro de Clientes e Candidatos - SuportServ Rh\" \/>\n<meta property=\"og:description\" content=\"Envie seu curr\u00edculo! Aqui, voc\u00ea n\u00e3o \u00e9 apenas mais um queremos entender seu perfil, seus objetivos e ajud\u00e1-lo a encontrar a vaga ideal.Conte conosco para dar o pr\u00f3ximo passo na sua carreira. Cadastre-se e venha construir seu futuro com quem se importa com ele! (11) 91339-8289 WhatsApp (11) 94502-9045 Rua Campos Sales 639, Sala 07,&hellip;&nbsp;Continue a ler &raquo;Cadastro de Clientes e Candidatos\" \/>\n<meta property=\"og:url\" content=\"https:\/\/www.suportservrh.com.br\/?page_id=570\" \/>\n<meta property=\"og:site_name\" content=\"SuportServ Rh\" \/>\n<meta property=\"article:modified_time\" content=\"2025-07-06T22:35:12+00:00\" \/>\n<meta name=\"twitter:card\" content=\"summary_large_image\" \/>\n<meta name=\"twitter:label1\" content=\"Est. tempo de leitura\">\n\t<meta name=\"twitter:data1\" content=\"1 minuto\">\n<script type=\"application\/ld+json\" class=\"yoast-schema-graph\">{\"@context\":\"https:\/\/schema.org\",\"@graph\":[{\"@type\":\"Organization\",\"@id\":\"https:\/\/www.suportservrh.com.br\/#organization\",\"name\":\"Suportservrh\",\"url\":\"https:\/\/www.suportservrh.com.br\/\",\"sameAs\":[],\"logo\":{\"@type\":\"ImageObject\",\"@id\":\"https:\/\/www.suportservrh.com.br\/#logo\",\"inLanguage\":\"pt-BR\",\"url\":\"https:\/\/www.suportservrh.com.br\/wp-content\/uploads\/2021\/05\/MARCA.jpg\",\"contentUrl\":\"https:\/\/www.suportservrh.com.br\/wp-content\/uploads\/2021\/05\/MARCA.jpg\",\"width\":226,\"height\":87,\"caption\":\"Suportservrh\"},\"image\":{\"@id\":\"https:\/\/www.suportservrh.com.br\/#logo\"}},{\"@type\":\"WebSite\",\"@id\":\"https:\/\/www.suportservrh.com.br\/#website\",\"url\":\"https:\/\/www.suportservrh.com.br\/\",\"name\":\"SuportServ Rh\",\"description\":\"SuportServ Rh\",\"publisher\":{\"@id\":\"https:\/\/www.suportservrh.com.br\/#organization\"},\"potentialAction\":[{\"@type\":\"SearchAction\",\"target\":\"https:\/\/www.suportservrh.com.br\/?s={search_term_string}\",\"query-input\":\"required name=search_term_string\"}],\"inLanguage\":\"pt-BR\"},{\"@type\":\"WebPage\",\"@id\":\"https:\/\/www.suportservrh.com.br\/?page_id=570#webpage\",\"url\":\"https:\/\/www.suportservrh.com.br\/?page_id=570\",\"name\":\"Cadastro de Clientes e Candidatos - SuportServ Rh\",\"isPartOf\":{\"@id\":\"https:\/\/www.suportservrh.com.br\/#website\"},\"datePublished\":\"2021-05-21T14:04:34+00:00\",\"dateModified\":\"2025-07-06T22:35:12+00:00\",\"breadcrumb\":{\"@id\":\"https:\/\/www.suportservrh.com.br\/?page_id=570#breadcrumb\"},\"inLanguage\":\"pt-BR\",\"potentialAction\":[{\"@type\":\"ReadAction\",\"target\":[\"https:\/\/www.suportservrh.com.br\/?page_id=570\"]}]},{\"@type\":\"BreadcrumbList\",\"@id\":\"https:\/\/www.suportservrh.com.br\/?page_id=570#breadcrumb\",\"itemListElement\":[{\"@type\":\"ListItem\",\"position\":1,\"item\":{\"@type\":\"WebPage\",\"@id\":\"https:\/\/www.suportservrh.com.br\/\",\"url\":\"https:\/\/www.suportservrh.com.br\/\",\"name\":\"In\\u00edcio\"}},{\"@type\":\"ListItem\",\"position\":2,\"item\":{\"@id\":\"https:\/\/www.suportservrh.com.br\/?page_id=570#webpage\"}}]}]}<\/script>\n<!-- \/ Yoast SEO plugin. -->","_links":{"self":[{"href":"https:\/\/www.suportservrh.com.br\/index.php?rest_route=\/wp\/v2\/pages\/570"}],"collection":[{"href":"https:\/\/www.suportservrh.com.br\/index.php?rest_route=\/wp\/v2\/pages"}],"about":[{"href":"https:\/\/www.suportservrh.com.br\/index.php?rest_route=\/wp\/v2\/types\/page"}],"author":[{"embeddable":true,"href":"https:\/\/www.suportservrh.com.br\/index.php?rest_route=\/wp\/v2\/users\/1"}],"replies":[{"embeddable":true,"href":"https:\/\/www.suportservrh.com.br\/index.php?rest_route=%2Fwp%2Fv2%2Fcomments&post=570"}],"version-history":[{"count":22,"href":"https:\/\/www.suportservrh.com.br\/index.php?rest_route=\/wp\/v2\/pages\/570\/revisions"}],"predecessor-version":[{"id":1087,"href":"https:\/\/www.suportservrh.com.br\/index.php?rest_route=\/wp\/v2\/pages\/570\/revisions\/1087"}],"wp:attachment":[{"href":"https:\/\/www.suportservrh.com.br\/index.php?rest_route=%2Fwp%2Fv2%2Fmedia&parent=570"}],"curies":[{"name":"wp","href":"https:\/\/api.w.org\/{rel}","templated":true}]}}